{"id":222,"date":"2020-10-24T04:31:07","date_gmt":"2020-10-24T04:31:07","guid":{"rendered":"http:\/\/jogaingenieria.com\/?page_id=222"},"modified":"2020-10-27T01:57:46","modified_gmt":"2020-10-27T01:57:46","slug":"proyectos-ingenieria","status":"publish","type":"page","link":"https:\/\/jogaingenieria.com\/index.php\/proyectos-ingenieria\/","title":{"rendered":"Proyectos Ingenieria"},"content":{"rendered":"<p>[et_pb_section fb_built=&#8221;1&#8243; admin_label=&#8221;PROYECTOS DE INGENIERIA PUBLICA&#8221; module_id=&#8221;ingenieria&#8221; _builder_version=&#8221;4.5.6&#8243; _module_preset=&#8221;default&#8221; background_image=&#8221;http:\/\/jogaingenieria.com\/wp-content\/uploads\/2020\/10\/AVION.svg&#8221;][et_pb_row column_structure=&#8221;2_3,1_3&#8243; admin_label=&#8221;PROYECTOS DE INGENIERIA&#8221; _builder_version=&#8221;4.5.6&#8243; _module_preset=&#8221;default&#8221;][et_pb_column type=&#8221;2_3&#8243; _builder_version=&#8221;4.5.6&#8243; _module_preset=&#8221;default&#8221;][et_pb_cta title=&#8221;PROYECTOS DE INGENIER\u00cdA Y OBRA PUBLICA&#8221; button_text=&#8221;Clics&#8221; _builder_version=&#8221;4.5.6&#8243; _module_preset=&#8221;default&#8221; header_level=&#8221;h1&#8243; header_font=&#8221;Montserrat|900||on|||||&#8221; header_text_color=&#8221;#e02b20&#8243; header_font_size=&#8221;44px&#8221; header_letter_spacing=&#8221;2px&#8221; header_line_height=&#8221;1.2em&#8221; body_font=&#8221;Lato||||||||&#8221; body_font_size=&#8221;20px&#8221; body_line_height=&#8221;1.8em&#8221; use_background_color=&#8221;off&#8221; custom_button=&#8221;on&#8221; button_text_size=&#8221;16px&#8221; button_text_color=&#8221;#ffffff&#8221; button_bg_color=&#8221;#5a0c1c&#8221; button_border_width=&#8221;6px&#8221; button_border_color=&#8221;#5a0c1c&#8221; button_border_radius=&#8221;5px&#8221; button_letter_spacing=&#8221;2px&#8221; button_font=&#8221;Lato|900||on|||||&#8221; text_orientation=&#8221;left&#8221; background_layout=&#8221;light&#8221; max_width=&#8221;750px&#8221; module_alignment=&#8221;left&#8221; animation_style=&#8221;fold&#8221; animation_intensity_fold=&#8221;16%&#8221; hover_enabled=&#8221;0&#8243; header_font_size_tablet=&#8221;46px&#8221; header_font_size_phone=&#8221;30px&#8221; header_font_size_last_edited=&#8221;on|phone&#8221; header_text_shadow_style=&#8221;preset1&#8243; header_text_shadow_color=&#8221;rgba(0,0,0,0.6)&#8221; box_shadow_style_button=&#8221;preset3&#8243; box_shadow_blur_button=&#8221;30px&#8221; box_shadow_spread_button=&#8221;8px&#8221; box_shadow_color_button=&#8221;rgba(250,127,40,0.15)&#8221; button_letter_spacing__hover=&#8221;2px&#8221; button_letter_spacing__hover_enabled=&#8221;on&#8221;]<\/p>\n<p><span>Contamos con servicios de Ingenier\u00eda en General y obra civil como son;<\/span><\/p>\n<ul>\n<li style=\"text-align: left;\"><span><\/span><span>Proyectos de Ingenier\u00eda e Instalaci\u00f3n a Sistemas Hidr\u00e1ulicos Contra Incendios.<\/span><\/li>\n<li style=\"text-align: left;\"><span>Proyectos de Instalaci\u00f3n a Sistemas de Detecci\u00f3n de Humo.<\/span><\/li>\n<li style=\"text-align: left;\"><span>Remodelaci\u00f3n de \u00c1reas<\/span><\/li>\n<li style=\"text-align: left;\"><span>Construcciones en general<\/span><\/li>\n<li style=\"text-align: left;\"><span>Pavimentaci\u00f3n o Encarpetamientos<\/span><\/li>\n<li>\n<p style=\"text-align: left;\"><span>Y mas\u2026<\/span><\/p>\n<\/li>\n<\/ul>\n<p>[\/et_pb_cta][\/et_pb_column][et_pb_column type=&#8221;1_3&#8243; _builder_version=&#8221;4.5.6&#8243; _module_preset=&#8221;default&#8221;][et_pb_image src=&#8221;http:\/\/jogaingenieria.com\/wp-content\/uploads\/2020\/10\/ingenieria.jpg&#8221; title_text=&#8221;ingenieria&#8221; _builder_version=&#8221;4.5.6&#8243; _module_preset=&#8221;default&#8221; border_radii=&#8221;on|8px|8px|8px|8px&#8221; box_shadow_style=&#8221;preset2&#8243;][\/et_pb_image][\/et_pb_column][\/et_pb_row][\/et_pb_section]<\/p>\n","protected":false},"excerpt":{"rendered":"<p>[et_pb_section fb_built=&#8221;1&#8243; admin_label=&#8221;PROYECTOS DE INGENIERIA PUBLICA&#8221; module_id=&#8221;ingenieria&#8221; _builder_version=&#8221;4.5.6&#8243; _module_preset=&#8221;default&#8221; background_image=&#8221;http:\/\/jogaingenieria.com\/wp-content\/uploads\/2020\/10\/AVION.svg&#8221;][et_pb_row column_structure=&#8221;2_3,1_3&#8243; admin_label=&#8221;PROYECTOS DE INGENIERIA&#8221; _builder_version=&#8221;4.5.6&#8243; _module_preset=&#8221;default&#8221;][et_pb_column type=&#8221;2_3&#8243; _builder_version=&#8221;4.5.6&#8243; _module_preset=&#8221;default&#8221;][et_pb_cta title=&#8221;PROYECTOS DE INGENIER\u00cdA Y OBRA PUBLICA&#8221; button_text=&#8221;Clics&#8221; _builder_version=&#8221;4.5.6&#8243; _module_preset=&#8221;default&#8221; header_level=&#8221;h1&#8243; header_font=&#8221;Montserrat|900||on|||||&#8221; header_text_color=&#8221;#e02b20&#8243; header_font_size=&#8221;44px&#8221; header_letter_spacing=&#8221;2px&#8221; header_line_height=&#8221;1.2em&#8221; body_font=&#8221;Lato||||||||&#8221; body_font_size=&#8221;20px&#8221; body_line_height=&#8221;1.8em&#8221; use_background_color=&#8221;off&#8221; custom_button=&#8221;on&#8221; button_text_size=&#8221;16px&#8221; button_text_color=&#8221;#ffffff&#8221; button_bg_color=&#8221;#5a0c1c&#8221; button_border_width=&#8221;6px&#8221; button_border_color=&#8221;#5a0c1c&#8221; button_border_radius=&#8221;5px&#8221; button_letter_spacing=&#8221;2px&#8221; button_font=&#8221;Lato|900||on|||||&#8221; text_orientation=&#8221;left&#8221; background_layout=&#8221;light&#8221; max_width=&#8221;750px&#8221; module_alignment=&#8221;left&#8221; animation_style=&#8221;fold&#8221; animation_intensity_fold=&#8221;16%&#8221; hover_enabled=&#8221;0&#8243; header_font_size_tablet=&#8221;46px&#8221; [&hellip;]<\/p>\n","protected":false},"author":1,"featured_media":0,"parent":0,"menu_order":0,"comment_status":"closed","ping_status":"closed","template":"","meta":{"_et_pb_use_builder":"on","_et_pb_old_content":"","_et_gb_content_width":""},"yoast_head":"<!-- This site is optimized with the Yoast SEO plugin v15.3 - https:\/\/yoast.com\/wordpress\/plugins\/seo\/ -->\n<title>Proyectos Ingenieria - Joga Ingenier\u00eda y Proyectos<\/title>\n<meta name=\"robots\" content=\"index, follow, max-snippet:-1, max-image-preview:large, max-video-preview:-1\" \/>\n<link rel=\"canonical\" href=\"https:\/\/jogaingenieria.com\/index.php\/proyectos-ingenieria\/\" \/>\n<meta property=\"og:locale\" content=\"en_US\" \/>\n<meta property=\"og:type\" content=\"article\" \/>\n<meta property=\"og:title\" content=\"Proyectos Ingenieria - Joga Ingenier\u00eda y Proyectos\" \/>\n<meta property=\"og:description\" content=\"[et_pb_section fb_built=&#8221;1&#8243; admin_label=&#8221;PROYECTOS DE INGENIERIA PUBLICA&#8221; module_id=&#8221;ingenieria&#8221; _builder_version=&#8221;4.5.6&#8243; _module_preset=&#8221;default&#8221; background_image=&#8221;http:\/\/jogaingenieria.com\/wp-content\/uploads\/2020\/10\/AVION.svg&#8221;][et_pb_row column_structure=&#8221;2_3,1_3&#8243; admin_label=&#8221;PROYECTOS DE INGENIERIA&#8221; _builder_version=&#8221;4.5.6&#8243; _module_preset=&#8221;default&#8221;][et_pb_column type=&#8221;2_3&#8243; _builder_version=&#8221;4.5.6&#8243; _module_preset=&#8221;default&#8221;][et_pb_cta title=&#8221;PROYECTOS DE INGENIER\u00cdA Y OBRA PUBLICA&#8221; button_text=&#8221;Clics&#8221; _builder_version=&#8221;4.5.6&#8243; _module_preset=&#8221;default&#8221; header_level=&#8221;h1&#8243; header_font=&#8221;Montserrat|900||on|||||&#8221; header_text_color=&#8221;#e02b20&#8243; header_font_size=&#8221;44px&#8221; header_letter_spacing=&#8221;2px&#8221; header_line_height=&#8221;1.2em&#8221; body_font=&#8221;Lato||||||||&#8221; body_font_size=&#8221;20px&#8221; body_line_height=&#8221;1.8em&#8221; use_background_color=&#8221;off&#8221; custom_button=&#8221;on&#8221; button_text_size=&#8221;16px&#8221; button_text_color=&#8221;#ffffff&#8221; button_bg_color=&#8221;#5a0c1c&#8221; button_border_width=&#8221;6px&#8221; button_border_color=&#8221;#5a0c1c&#8221; button_border_radius=&#8221;5px&#8221; button_letter_spacing=&#8221;2px&#8221; button_font=&#8221;Lato|900||on|||||&#8221; text_orientation=&#8221;left&#8221; background_layout=&#8221;light&#8221; max_width=&#8221;750px&#8221; module_alignment=&#8221;left&#8221; animation_style=&#8221;fold&#8221; animation_intensity_fold=&#8221;16%&#8221; hover_enabled=&#8221;0&#8243; header_font_size_tablet=&#8221;46px&#8221; [&hellip;]\" \/>\n<meta property=\"og:url\" content=\"https:\/\/jogaingenieria.com\/index.php\/proyectos-ingenieria\/\" \/>\n<meta property=\"og:site_name\" content=\"Joga Ingenier\u00eda y Proyectos\" \/>\n<meta property=\"article:modified_time\" content=\"2020-10-27T01:57:46+00:00\" \/>\n<meta name=\"twitter:card\" content=\"summary_large_image\" \/>\n<meta name=\"twitter:label1\" content=\"Written by\">\n\t<meta name=\"twitter:data1\" content=\"fusionideas\">\n\t<meta name=\"twitter:label2\" content=\"Est. reading time\">\n\t<meta name=\"twitter:data2\" content=\"1 minute\">\n<script type=\"application\/ld+json\" class=\"yoast-schema-graph\">{\"@context\":\"https:\/\/schema.org\",\"@graph\":[{\"@type\":\"WebSite\",\"@id\":\"http:\/\/jogaingenieria.com\/#website\",\"url\":\"http:\/\/jogaingenieria.com\/\",\"name\":\"Joga Ingenier\\u00eda y Proyectos\",\"description\":\"Existimos por dos razones; crear ingenier\\u00eda y seguridad industrial con un enfoque a la prevenci\\u00f3n.\",\"potentialAction\":[{\"@type\":\"SearchAction\",\"target\":\"http:\/\/jogaingenieria.com\/?s={search_term_string}\",\"query-input\":\"required name=search_term_string\"}],\"inLanguage\":\"en-US\"},{\"@type\":\"WebPage\",\"@id\":\"https:\/\/jogaingenieria.com\/index.php\/proyectos-ingenieria\/#webpage\",\"url\":\"https:\/\/jogaingenieria.com\/index.php\/proyectos-ingenieria\/\",\"name\":\"Proyectos Ingenieria - Joga Ingenier\\u00eda y Proyectos\",\"isPartOf\":{\"@id\":\"http:\/\/jogaingenieria.com\/#website\"},\"datePublished\":\"2020-10-24T04:31:07+00:00\",\"dateModified\":\"2020-10-27T01:57:46+00:00\",\"inLanguage\":\"en-US\",\"potentialAction\":[{\"@type\":\"ReadAction\",\"target\":[\"https:\/\/jogaingenieria.com\/index.php\/proyectos-ingenieria\/\"]}]}]}<\/script>\n<!-- \/ Yoast SEO plugin. -->","_links":{"self":[{"href":"https:\/\/jogaingenieria.com\/index.php\/wp-json\/wp\/v2\/pages\/222"}],"collection":[{"href":"https:\/\/jogaingenieria.com\/index.php\/wp-json\/wp\/v2\/pages"}],"about":[{"href":"https:\/\/jogaingenieria.com\/index.php\/wp-json\/wp\/v2\/types\/page"}],"author":[{"embeddable":true,"href":"https:\/\/jogaingenieria.com\/index.php\/wp-json\/wp\/v2\/users\/1"}],"replies":[{"embeddable":true,"href":"https:\/\/jogaingenieria.com\/index.php\/wp-json\/wp\/v2\/comments?post=222"}],"version-history":[{"count":3,"href":"https:\/\/jogaingenieria.com\/index.php\/wp-json\/wp\/v2\/pages\/222\/revisions"}],"predecessor-version":[{"id":314,"href":"https:\/\/jogaingenieria.com\/index.php\/wp-json\/wp\/v2\/pages\/222\/revisions\/314"}],"wp:attachment":[{"href":"https:\/\/jogaingenieria.com\/index.php\/wp-json\/wp\/v2\/media?parent=222"}],"curies":[{"name":"wp","href":"https:\/\/api.w.org\/{rel}","templated":true}]}}