{"id":234,"date":"2020-10-24T04:36:47","date_gmt":"2020-10-24T04:36:47","guid":{"rendered":"http:\/\/jogaingenieria.com\/?page_id=234"},"modified":"2020-10-24T04:37:59","modified_gmt":"2020-10-24T04:37:59","slug":"proteccion-civil","status":"publish","type":"page","link":"https:\/\/jogaingenieria.com\/index.php\/proteccion-civil\/","title":{"rendered":"PROTECCI\u00d3N CIVIL"},"content":{"rendered":"<p>[et_pb_section fb_built=&#8221;1&#8243; admin_label=&#8221;PROTECCION CIVIL&#8221; module_id=&#8221;pcivil&#8221; _builder_version=&#8221;4.5.6&#8243; _module_preset=&#8221;default&#8221;][et_pb_row column_structure=&#8221;3_5,2_5&#8243; admin_label=&#8221;PROYECTOS DE INGENIERIA&#8221; _builder_version=&#8221;4.5.6&#8243; _module_preset=&#8221;default&#8221;][et_pb_column type=&#8221;3_5&#8243; _builder_version=&#8221;4.5.6&#8243; _module_preset=&#8221;default&#8221;][et_pb_cta title=&#8221;PROTECCION CIVIL&#8221; _builder_version=&#8221;4.5.6&#8243; _module_preset=&#8221;default&#8221; header_level=&#8221;h1&#8243; header_font=&#8221;Montserrat|900||on|||||&#8221; header_text_color=&#8221;#e02b20&#8243; header_font_size=&#8221;44px&#8221; header_letter_spacing=&#8221;2px&#8221; header_line_height=&#8221;1.2em&#8221; body_font=&#8221;Lato||||||||&#8221; body_font_size=&#8221;20px&#8221; body_line_height=&#8221;1.8em&#8221; use_background_color=&#8221;off&#8221; custom_button=&#8221;on&#8221; button_text_size=&#8221;16px&#8221; button_text_color=&#8221;#ffffff&#8221; button_bg_color=&#8221;#5a0c1c&#8221; button_border_width=&#8221;6px&#8221; button_border_color=&#8221;#5a0c1c&#8221; button_border_radius=&#8221;5px&#8221; button_letter_spacing=&#8221;2px&#8221; button_font=&#8221;Lato|900||on|||||&#8221; text_orientation=&#8221;left&#8221; background_layout=&#8221;light&#8221; max_width=&#8221;750px&#8221; module_alignment=&#8221;left&#8221; animation_style=&#8221;fold&#8221; animation_intensity_fold=&#8221;16%&#8221; header_font_size_tablet=&#8221;46px&#8221; header_font_size_phone=&#8221;&#8221; header_font_size_last_edited=&#8221;on|tablet&#8221; header_text_shadow_style=&#8221;preset1&#8243; header_text_shadow_color=&#8221;rgba(0,0,0,0.6)&#8221; box_shadow_style_button=&#8221;preset3&#8243; box_shadow_blur_button=&#8221;30px&#8221; box_shadow_spread_button=&#8221;8px&#8221; box_shadow_color_button=&#8221;rgba(250,127,40,0.15)&#8221; button_letter_spacing__hover=&#8221;2px&#8221; button_letter_spacing__hover_enabled=&#8221;on&#8221;]<\/p>\n<p><span>En JOGA somos una empresa enfocada en Asesor\u00eda en Protecci\u00f3n Civil, le ofrecemos un servicio integral de consultor\u00eda en la materia, con lo cual evaluamos riesgos y vulnerabilidades contribuyendo a disminuir riesgos y accidentes en su centro de trabajo.<\/span><\/p>\n<p><span>Brindamos asesor\u00eda en Lineamientos de Protecci\u00f3n Civil.<\/span><\/p>\n<p><span>En JOGA estamos dedicados a brindar servicios de consultor\u00eda y asesor\u00eda en temas de protecci\u00f3n y seguridad, colaborando de cerca con empresas e instituciones de todos los sectores.<\/span><\/p>\n<p><span>Nuestro equipo de expertos le acompa\u00f1a en el cumplimiento de requerimientos Oficiales, as\u00ed como en la elaboraci\u00f3n de programas internos de Protecci\u00f3n Civil as\u00ed como en la elaboraci\u00f3n de estudios t\u00e9cnicos que le permitan identificar y actuar a tiempo ante cualquier evento adverso que ponga en riesgo su capital humano e instalaciones.<\/span><\/p>\n<p><span>Servicios<\/span><\/p>\n<ul>\n<li><span>Elaboraci\u00f3n de Programas Internos de Protecci\u00f3n Civil<\/span><\/li>\n<li><span>Dict\u00e1menes Estructurales por DRO autorizados<\/span><\/li>\n<li><span>Dict\u00e1menes El\u00e9ctricos<\/span><\/li>\n<\/ul>\n<p>[\/et_pb_cta][\/et_pb_column][et_pb_column type=&#8221;2_5&#8243; _builder_version=&#8221;4.5.6&#8243; _module_preset=&#8221;default&#8221;][et_pb_image src=&#8221;http:\/\/jogaingenieria.com\/wp-content\/uploads\/2020\/10\/PROTECCIONCIVIL.jpg&#8221; title_text=&#8221;PROTECCIONCIVIL&#8221; _builder_version=&#8221;4.5.6&#8243; _module_preset=&#8221;default&#8221;][\/et_pb_image][\/et_pb_column][\/et_pb_row][\/et_pb_section]<\/p>\n","protected":false},"excerpt":{"rendered":"<p>[et_pb_section fb_built=&#8221;1&#8243; admin_label=&#8221;PROTECCION CIVIL&#8221; module_id=&#8221;pcivil&#8221; _builder_version=&#8221;4.5.6&#8243; _module_preset=&#8221;default&#8221;][et_pb_row column_structure=&#8221;3_5,2_5&#8243; admin_label=&#8221;PROYECTOS DE INGENIERIA&#8221; _builder_version=&#8221;4.5.6&#8243; _module_preset=&#8221;default&#8221;][et_pb_column type=&#8221;3_5&#8243; _builder_version=&#8221;4.5.6&#8243; _module_preset=&#8221;default&#8221;][et_pb_cta title=&#8221;PROTECCION CIVIL&#8221; _builder_version=&#8221;4.5.6&#8243; _module_preset=&#8221;default&#8221; header_level=&#8221;h1&#8243; header_font=&#8221;Montserrat|900||on|||||&#8221; header_text_color=&#8221;#e02b20&#8243; header_font_size=&#8221;44px&#8221; header_letter_spacing=&#8221;2px&#8221; header_line_height=&#8221;1.2em&#8221; body_font=&#8221;Lato||||||||&#8221; body_font_size=&#8221;20px&#8221; body_line_height=&#8221;1.8em&#8221; use_background_color=&#8221;off&#8221; custom_button=&#8221;on&#8221; button_text_size=&#8221;16px&#8221; button_text_color=&#8221;#ffffff&#8221; button_bg_color=&#8221;#5a0c1c&#8221; button_border_width=&#8221;6px&#8221; button_border_color=&#8221;#5a0c1c&#8221; button_border_radius=&#8221;5px&#8221; button_letter_spacing=&#8221;2px&#8221; button_font=&#8221;Lato|900||on|||||&#8221; text_orientation=&#8221;left&#8221; background_layout=&#8221;light&#8221; max_width=&#8221;750px&#8221; module_alignment=&#8221;left&#8221; animation_style=&#8221;fold&#8221; animation_intensity_fold=&#8221;16%&#8221; header_font_size_tablet=&#8221;46px&#8221; header_font_size_phone=&#8221;&#8221; header_font_size_last_edited=&#8221;on|tablet&#8221; header_text_shadow_style=&#8221;preset1&#8243; header_text_shadow_color=&#8221;rgba(0,0,0,0.6)&#8221; box_shadow_style_button=&#8221;preset3&#8243; box_shadow_blur_button=&#8221;30px&#8221; box_shadow_spread_button=&#8221;8px&#8221; box_shadow_color_button=&#8221;rgba(250,127,40,0.15)&#8221; button_letter_spacing__hover=&#8221;2px&#8221; [&hellip;]<\/p>\n","protected":false},"author":1,"featured_media":0,"parent":0,"menu_order":0,"comment_status":"closed","ping_status":"closed","template":"","meta":{"_et_pb_use_builder":"on","_et_pb_old_content":"","_et_gb_content_width":""},"yoast_head":"<!-- This site is optimized with the Yoast SEO plugin v15.3 - https:\/\/yoast.com\/wordpress\/plugins\/seo\/ -->\n<title>PROTECCI\u00d3N CIVIL - Joga Ingenier\u00eda y Proyectos<\/title>\n<meta name=\"robots\" content=\"index, follow, max-snippet:-1, max-image-preview:large, max-video-preview:-1\" \/>\n<link rel=\"canonical\" href=\"https:\/\/jogaingenieria.com\/index.php\/proteccion-civil\/\" \/>\n<meta property=\"og:locale\" content=\"en_US\" \/>\n<meta property=\"og:type\" content=\"article\" \/>\n<meta property=\"og:title\" content=\"PROTECCI\u00d3N CIVIL - Joga Ingenier\u00eda y Proyectos\" \/>\n<meta property=\"og:description\" content=\"[et_pb_section fb_built=&#8221;1&#8243; admin_label=&#8221;PROTECCION CIVIL&#8221; module_id=&#8221;pcivil&#8221; _builder_version=&#8221;4.5.6&#8243; _module_preset=&#8221;default&#8221;][et_pb_row column_structure=&#8221;3_5,2_5&#8243; admin_label=&#8221;PROYECTOS DE INGENIERIA&#8221; _builder_version=&#8221;4.5.6&#8243; _module_preset=&#8221;default&#8221;][et_pb_column type=&#8221;3_5&#8243; _builder_version=&#8221;4.5.6&#8243; _module_preset=&#8221;default&#8221;][et_pb_cta title=&#8221;PROTECCION CIVIL&#8221; _builder_version=&#8221;4.5.6&#8243; _module_preset=&#8221;default&#8221; header_level=&#8221;h1&#8243; header_font=&#8221;Montserrat|900||on|||||&#8221; header_text_color=&#8221;#e02b20&#8243; header_font_size=&#8221;44px&#8221; header_letter_spacing=&#8221;2px&#8221; header_line_height=&#8221;1.2em&#8221; body_font=&#8221;Lato||||||||&#8221; body_font_size=&#8221;20px&#8221; body_line_height=&#8221;1.8em&#8221; use_background_color=&#8221;off&#8221; custom_button=&#8221;on&#8221; button_text_size=&#8221;16px&#8221; button_text_color=&#8221;#ffffff&#8221; button_bg_color=&#8221;#5a0c1c&#8221; button_border_width=&#8221;6px&#8221; button_border_color=&#8221;#5a0c1c&#8221; button_border_radius=&#8221;5px&#8221; button_letter_spacing=&#8221;2px&#8221; button_font=&#8221;Lato|900||on|||||&#8221; text_orientation=&#8221;left&#8221; background_layout=&#8221;light&#8221; max_width=&#8221;750px&#8221; module_alignment=&#8221;left&#8221; animation_style=&#8221;fold&#8221; animation_intensity_fold=&#8221;16%&#8221; header_font_size_tablet=&#8221;46px&#8221; header_font_size_phone=&#8221;&#8221; header_font_size_last_edited=&#8221;on|tablet&#8221; header_text_shadow_style=&#8221;preset1&#8243; header_text_shadow_color=&#8221;rgba(0,0,0,0.6)&#8221; box_shadow_style_button=&#8221;preset3&#8243; box_shadow_blur_button=&#8221;30px&#8221; box_shadow_spread_button=&#8221;8px&#8221; box_shadow_color_button=&#8221;rgba(250,127,40,0.15)&#8221; button_letter_spacing__hover=&#8221;2px&#8221; [&hellip;]\" \/>\n<meta property=\"og:url\" content=\"https:\/\/jogaingenieria.com\/index.php\/proteccion-civil\/\" \/>\n<meta property=\"og:site_name\" content=\"Joga Ingenier\u00eda y Proyectos\" \/>\n<meta property=\"article:modified_time\" content=\"2020-10-24T04:37:59+00:00\" \/>\n<meta name=\"twitter:card\" content=\"summary_large_image\" \/>\n<meta name=\"twitter:label1\" content=\"Written by\">\n\t<meta name=\"twitter:data1\" content=\"fusionideas\">\n\t<meta name=\"twitter:label2\" content=\"Est. reading time\">\n\t<meta name=\"twitter:data2\" content=\"2 minutes\">\n<script type=\"application\/ld+json\" class=\"yoast-schema-graph\">{\"@context\":\"https:\/\/schema.org\",\"@graph\":[{\"@type\":\"WebSite\",\"@id\":\"http:\/\/jogaingenieria.com\/#website\",\"url\":\"http:\/\/jogaingenieria.com\/\",\"name\":\"Joga Ingenier\\u00eda y Proyectos\",\"description\":\"Existimos por dos razones; crear ingenier\\u00eda y seguridad industrial con un enfoque a la prevenci\\u00f3n.\",\"potentialAction\":[{\"@type\":\"SearchAction\",\"target\":\"http:\/\/jogaingenieria.com\/?s={search_term_string}\",\"query-input\":\"required name=search_term_string\"}],\"inLanguage\":\"en-US\"},{\"@type\":\"WebPage\",\"@id\":\"https:\/\/jogaingenieria.com\/index.php\/proteccion-civil\/#webpage\",\"url\":\"https:\/\/jogaingenieria.com\/index.php\/proteccion-civil\/\",\"name\":\"PROTECCI\\u00d3N CIVIL - Joga Ingenier\\u00eda y Proyectos\",\"isPartOf\":{\"@id\":\"http:\/\/jogaingenieria.com\/#website\"},\"datePublished\":\"2020-10-24T04:36:47+00:00\",\"dateModified\":\"2020-10-24T04:37:59+00:00\",\"inLanguage\":\"en-US\",\"potentialAction\":[{\"@type\":\"ReadAction\",\"target\":[\"https:\/\/jogaingenieria.com\/index.php\/proteccion-civil\/\"]}]}]}<\/script>\n<!-- \/ Yoast SEO plugin. -->","_links":{"self":[{"href":"https:\/\/jogaingenieria.com\/index.php\/wp-json\/wp\/v2\/pages\/234"}],"collection":[{"href":"https:\/\/jogaingenieria.com\/index.php\/wp-json\/wp\/v2\/pages"}],"about":[{"href":"https:\/\/jogaingenieria.com\/index.php\/wp-json\/wp\/v2\/types\/page"}],"author":[{"embeddable":true,"href":"https:\/\/jogaingenieria.com\/index.php\/wp-json\/wp\/v2\/users\/1"}],"replies":[{"embeddable":true,"href":"https:\/\/jogaingenieria.com\/index.php\/wp-json\/wp\/v2\/comments?post=234"}],"version-history":[{"count":2,"href":"https:\/\/jogaingenieria.com\/index.php\/wp-json\/wp\/v2\/pages\/234\/revisions"}],"predecessor-version":[{"id":237,"href":"https:\/\/jogaingenieria.com\/index.php\/wp-json\/wp\/v2\/pages\/234\/revisions\/237"}],"wp:attachment":[{"href":"https:\/\/jogaingenieria.com\/index.php\/wp-json\/wp\/v2\/media?parent=234"}],"curies":[{"name":"wp","href":"https:\/\/api.w.org\/{rel}","templated":true}]}}